.
6
Let a(k) = 4*k**3 - 2*k**2 - 2*k + 1. Let n be a(1). Let d(h) = 16*h - 2. Give d(n).
14
Let a(y) = 3*y**2 - 3953*y - 4*y**2 + 15 + 3953*y. Determine a(0).
15
Let p(h) = h**2 + 596 - 603 - 2*h**2 + 8*h. What is p(8)?
-7
Let h = 125 - 118. Let l(u) = -u**2 + 6*u + 9. Give l(h).
2
Let q(k) = 2*k**2 - 25*k - 74. Let i be q(15). Let o(h) = 3*h**2 + 3*h. Determine o(i).
6
Let p(j) be the second derivative of j**4/12 + j**3 + 7*j**2/2 + 87*j. Determine p(-5).
2
Let q(w) = 2*w. Let i be 1/6 + (-68)/(-24). Suppose -19 = i*a - 76. Suppose -j = 5*m - a, j - 17 = -4*m - 1. Calculate q(m).
6
Let v(o) = o + 1. Let g(q) = q**3 - 14*q**2 + 19*q + 4. Let a be g(13). Let i = a + -77. Determine v(i).
6
Let h(q) = 6*q**2 - 8*q + 7. Let c(r) = -r**2 + r - 1. Let t(n) = -5*c(n) - h(n). Let i = -1 + 4. Let d be (-1 + -2)/(i/(-4)). Give t(d).
-6
Let v(z) = z**2 - z - 2. Let b be 4*((-225)/20)/9. Let d be (b/3)/((-9)/27). Suppose d*k + 5 - 15 = 0. Give v(k).
0
Suppose 18*h = -4*h + 88. Let a(u) = -u + 6. Let s(y) = -2*y + 7. Let i(g) = h*s(g) - 5*a(g). Determine i(3).
-11
Let z(j) = 4*j. Let d = -167 - -165. Give z(d).
-8
Let r(g) = 61*g - 57. Let p(t) = -35*t + 29. Let b(j) = -7*p(j) - 4*r(j). Give b(0).
25
Let o(z) = z - 10. Suppose -4*y = 0, 6*k = 5*k + 3*y - 4. Let p be 1/(-2)*k*1. Let d be (-1*6)/(1 - p). Determine o(d).
-4
Let o(a) = -31*a**3 - 4*a**2 + 16*a - 5. Let c(s) = -3*s**3 - s**2 + 3*s - 1. Let w(t) = -6*c(t) + o(t). Calculate w(1).
-12
Let b(f) be the second derivative of -7*f**4/4 - f**3/6 + f**2/2 + 89*f. Determine b(1).
-21
Suppose -9*r = 25 - 52. Let h(u) = 2*u - 2. Give h(r).
4
Let k(r) = r + 4. Let i be 1/(10/45 - (-34)/(-72)). What is k(i)?
0
Let j(t) = -t**2 - 8*t - 8. Let x be 0 - -18*(-1)/(-2 - -5). Give j(x).
4
Let q(u) = 5*u - 2*u + 1 - u. Suppose 0 = m + 2, 0 = -2*l - 2*m + 26 + 78. Let r = l - 55. What is q(r)?
-1
Let b(k) = -13*k - 2*k + 5*k + 12 + k**2. Give b(9).
3
Let x(h) = 3*h**2 + 2*h - 3. Let w = -48 + 56. Let c = w - 11. What is x(c)?
18
Let t(c) = -c**3 - 8*c**2 - 11*c - 3. Let d(x) = -102*x - 618. Let r be d(-6). Give t(r).
-9
Suppose 3*x + 3*f + 303 = 5046, -4768 = -3*x + 2*f. Let o(m) = x - m**2 - 13*m + m - 1589. Determine o(-11).
8
Let r(x) = 3*x**2 - 5*x - 5. Let f = 401 - 403. What is r(f)?
17
Suppose 3*m = -2*x + 6, 2*m - 19 + 2 = 3*x. Let d(h) = -2*h**2 + h + 3. Let v(w) = -4*w**2 + w + 7. Let p(k) = -5*d(k) + 2*v(k). What is p(m)?
19
Let n be 24/(-10)*(27/(-6) - -2). Let g(d) = 9*d - 2. Let v(j) = 5*j - 1. Let i(p) = 6*g(p) - 11*v(p). Give i(n).
-7
Let h(w) be the first derivative of w**4/4 + 38*w + 89. Give h(0).
38
Let v(c) = -c**3 - 7*c**2 - c - 3. Let m(d) = 10*d**2. Let u be m(-1). Let q be 4/u + 111/(-15). Calculate v(q).
4
Let j be 20/15*(-6)/4. Let r be 12/30 + j/5. Let w(d) = -d + 2*d - 91 - d**2 + 86. What is w(r)?
-5
Let l(i) = -i**3 + 2*i**2 + 3*i - 2. Let x = 1070 - 1067. Give l(x).
-2
Let p(v) = -3*v**3 - 6798*v**2 + 6800*v**2 - 1 + 5. Determine p(2).
-12
Let z(j) = 5*j**3 + j + 1. Suppose 5*i + 2*n - 63 = 0, -4*i - 14 + 70 = 3*n. Let d be (-2)/i + 9/(-11). What is z(d)?
-5
Let w(c) = c**2 + 15*c + 2. Let t be 1 + 5 - (51 + -30). What is w(t)?
2
Let v(p) = -p**2 - 6*p + 8. Let x be v(-7). Let i(f) = -16*f + 4. Let b(r) = -r + 1. Let z(t) = x*i(t) - 5*b(t). Calculate z(-1).
10
Let p(n) be the first derivative of 3*n**4 + n**2/2 + n + 31. Give p(-1).
-12
Let b(r) = -r**3 + 4 + r + 21*r**2 + 0*r - 19*r**2. Give b(3).
-2
Let q(k) be the first derivative of -k**4/12 - k**3/6 + 25*k**2/2 + 17*k - 16. Let t(x) be the first derivative of q(x). Give t(0).
25
Let y(u) be the third derivative of -u**8/20160 - u**7/720 - u**6/144 - 11*u**5/20 + 26*u**2. Let j(n) be the third derivative of y(n). Determine j(-4).
7
Suppose 12 = 4*t + 3*b, t - 4*b + 7*b + 6 = 0. Let z(n) = n. Give z(t).
6
Let z(m) be the first derivative of 3*m**2 - m - 1 - 7/3*m**3 + 1/4*m**4. Calculate z(6).
-1
Let p(f) = -f**2 + 7*f - 9. Let d(b) = 4*b - 17. Let j = -109 - -115. Let s be d(j). What is p(s)?
-9
Let x(g) be the first derivative of -10 - 8*g - 1/3*g**3 + 9/2*g**2. What is x(6)?
10
Let l(r) = r**3 + 8*r**2 - 9*r - 2. Let i be (5 + 57/(-6))/(1/2). What is l(i)?
-2
Let z(s) be the first derivative of s**5/120 - 7*s**4/24 + 25*s**3/3 + 5. Let g(y) be the third derivative of z(y). What is g(-8)?
-15
Let t(r) = -r + 1. Let i(h) = 6*h - 14. Let a(q) = -2*q + 20. Let j be a(14). Let m(d) = j*t(d) - i(d). Suppose 0 = -3*z - 22 + 4. Determine m(z).
-6
Let o(v) = v**3 - 6*v**2 + 7*v - 7. Suppose 4*y - i - 21 = -0*i, y - 2*i - 7 = 0. What is o(y)?
3
Suppose b = 5*v + 85, 15 - 100 = 5*v - 2*b. Let h(w) = -3*w - 42. Calculate h(v).
9
Let j(z) = z**3 + z**2 - 6. Let k be (-3)/(-12) + (-22)/(-8). Suppose 6 = -k*u, 2 + 33 = -5*v - 5*u. Let o = v - -5. Calculate j(o).
-6
Let d(o) be the first derivative of -o**3/3 + 4*o**2 - 3*o + 5. Let n be d(8). Let v be (-8 - n)*(2 + -1). Let l(w) = -w - 1. What is l(v)?
4
Let n(f) be the second derivative of -f**4/12 - f**3/6 - f**2 + 7*f. Calculate n(4).
-22
Suppose -30*l + 26*l = 48. Let c = l + 17. Let w(j) = j**3 - 7*j**2 + 6*j + 5. Give w(c).
-15
Suppose 3*l = l + 8. Let w(s) be the first derivative of -s**4/4 + 5*s**3/3 - 3*s**2/2 - 5*s + 6. Calculate w(l).
-1
Let i(b) = -179*b - 6*b**2 + 87*b - 4*b**3 + 92*b. Let d(y) = 9*y**3 + 13*y**2. Let n(k) = -6*d(k) - 13*i(k). Determine n(-1).
2
Let u be ((-260)/70)/((-1)/7). Let d(l) = 25*l - 5 - u*l + 12. Suppose 0 = -5*r - 2*q - 4 - 4, 0 = -5*r - 4*q - 16. Calculate d(r).
7
Let b(c) = 2*c - 3. Suppose 8*k - 63 = -k. Let i(q) = 2*q**3 + q**2 + q - 1. Let s be i(1). Suppose -3*a = -3*f + 18, -2*f - s*a = -k*a - 20. Calculate b(f).
1
Let x(z) = -z**3 - 10*z**2 - 4*z + 11. Let q(a) = 42*a**2 - 90*a + 3. Let f be q(2). Calculate x(f).
-34
Let g be (-6)/((4/3)/(18/27)). Let d(b) be the second derivative of -2*b + 0 + b**2 - 1/2*b**3. Determine d(g).
11
Let q(j) = 6*j - 4 - 34*j + j**2 + 15*j + 10*j. Determine q(5).
6
Let b(f) be the first derivative of 16*f**2 - f + 22. What is b(1)?
31
Let d(i) = -i**2 + 3*i + 4. Let v = -183 - -169. Suppose k = 5*n - 0*k + 51, -4*n = 3*k + 37. Let o = n - v. Determine d(o).
0
Suppose -3*g - 16 = -6*g - 4*x, x = -2*g + 4. Let y(u) = u**2 - u - 26. Give y(g).
-26
Let y(s) be the third derivative of s**3 + 0 + 0*s - 3*s**2 + 1/24*s**4. Let o be (-10)/35 - (-78)/(-21). Give y(o).
2
Let d be (3 - 0)*4/4. Let q(n) be the second derivative of 1/6*n**3 + 17*n - 1/20*n**5 + 0 + 0*n**2 + 1/6*n**4. Determine q(d).
-6
Let m(v) = -9*v**3 + 23*v**2 + v + 6. Let x(a) = 5*a**3 - 12*a**2 - 3. Let w be (2/1)/(5/15). Let j(l) = w*m(l) + 11*x(l). Calculate j(-4).
11
Let j be (-2)/1*(-2 + 0). Let y(h) = -4*h - h + j*h - h**2 + 1. Suppose -37*d - 4 = -41*d. Give y(d).
-1
Let p be (-1 - (-4)/2)*3. Suppose x = -2*x + p. Let c(f) = 2*f - 3*f - 6*f + 4*f - x. Calculate c(-1).
2
Suppose 2*h - 28 = -5*v, 7 = 2*h - 1. Let p be 7/(v*(2 + (-28)/16)). Let f(i) = i**2 - 6*i - 1. Calculate f(p).
6
Let s(w) = -w**3 + 8*w**2 - 2*w + 10. Suppose 64*a + 40 = 69*a. Calculate s(a).
-6
Suppose 3*f - 6*d = -2*d - 11, 2*f = -5*d + 31. Let c(s) = -13*s - 1. Determine c(f).
-40
Let v be (1 + (-5)/15)*3. Let x(l) = -2*l**2 + v*l**2 - 8*l + 5*l**2 + l**3 + 3 + 2*l. Determine x(-6).
3
Let y(j) = j**3 - 4*j**2 + 2*j - 6. Let h be y(4). Suppose 0*m + h*m = 10. Suppose -u - m*o = 2 + 8, -o = 3*u + 2. Let f(g) = -g - 9. Calculate f(u).
-9
Let i(u) = -u**2 + 5*u - 6. Suppose -b - 5*s = 2*b + 20, 3*b - s = 4. Suppose -a - 2 = b, h - 13 = 2*a - 3. Calculate i(h).
-12
Let l(i) = i**3 - 24 + 22 + 9*i**2 - 15*i**2 + 2*i. Determine l(5).
-17
Let i(o) = o**2 - 10*o + 25. Let z = 95 + -88. Let d be i(z). Let j(s) = -s**3 + 4*s**2 + 3*s - 2. Calculate j(d).
10
Let f(b) = b**3 - 10*b**2 + 9*b + 1. Let p(l) = -1. Let w(o) = f(o) - 4*p(o). Let y be (-6 + 9 - 0)/((-1)/(-3)). Give w(y).
5
Suppose 5*p - 41 = 19. Let i be (-22)/4*(18 - p). Let u = i - -34. Let a(v) = -9*v**3 + 2*v**2 - 1. Calculate a(u).
-8
Let n(b) = -9*b**2 - 15*b - 3. Let x = -49 - -44. Let i(z) = 4*z**2 + 7*z + 2. Let g(f) = x*i(f) - 2*n(f). Determine g(-3).
-7
Let a(i) = i**2 - 10*i - 279. Let b be a(-12). Let l(n) = -4*n - 59. Calculate l(b).
1
Let r be 2/8 + 8*(-11)/(-352). Let s(z) be the second derivative of 0 + 1/6*z**